{"id":80,"date":"2009-12-25T11:18:03","date_gmt":"2009-12-25T10:18:03","guid":{"rendered":"https:\/\/www.semillasdelarte.com\/?page_id=80"},"modified":"2014-02-02T23:55:56","modified_gmt":"2014-02-02T22:55:56","slug":"historial","status":"publish","type":"page","link":"https:\/\/www.semillasdelarte.com\/?page_id=80","title":{"rendered":"Historia"},"content":{"rendered":"<p style=\"text-align: justify;\"><a href=\"https:\/\/www.semillasdelarte.com\/wp-content\/images\/grupo1.jpg\"><img loading=\"lazy\" decoding=\"async\" class=\"alignleft size-thumbnail wp-image-101\" title=\"grupo1\" alt=\"\" src=\"https:\/\/www.semillasdelarte.com\/wp-content\/images\/grupo1-150x150.jpg\" width=\"150\" height=\"150\" \/><\/a>\u201cSemillas del arte\u201d nace por un\u00a0 imperativo de la\u00a0 naturaleza, como la palabra, como la rosa, cuando la rama no puede m\u00e1s y por sus brotes llora. Es una exigencia de su ancestral historia, y nace cuando \u2013como dice nuestro Ayala- \u201ca dar vida no alcanza nuestro mejor pensamiento\u201d. Puebla de Montalb\u00e1n, villa anclada en la encrucijada de varias civilizaciones \u2013romana, visig\u00f3tica, \u00e1rabe, jud\u00eda y cristiana \u2013 acusa el natural espectro de todas ellas en piedras, calles, monumentos, torres, puentes, conventos, tierras y frutales y, como no, en su \u201calma\u201d, variopinta y tornasolada, llena de vigor, nobleza, gracejo y picaresca.<\/p>\n<p style=\"text-align: justify;\">\u201cSemillas del Arte\u201d toda su geograf\u00eda refleja y, sus coplas son una especie de primitiva y original gu\u00eda de turismo: aires a los cuatro vientos de costumbres, excelencias, logros y fracasos, alegr\u00edas y penas. Su filosof\u00eda rocosa y de terru\u00f1o, sensata y picaresca. Hay en sus acentos madrigales y eleg\u00edas, cantos de embelesamiento. Sus danzas son jarrones vivientes de cer\u00e1mica, bordada en damasquino, donde los dioses han dejado sus mejores gracias. Sus m\u00fasicas elevan a soberan\u00eda \u00e9pica sus mil y una estrofas: seguidillas, boleros, fandangos, ronde\u00f1as, jotas&#8230;<\/p>\n<p style=\"text-align: justify;\"><a href=\"https:\/\/www.semillasdelarte.com\/wp-content\/images\/grupo2.jpg\"><img loading=\"lazy\" decoding=\"async\" class=\"alignleft size-thumbnail wp-image-102\" title=\"grupo2\" alt=\"\" src=\"https:\/\/www.semillasdelarte.com\/wp-content\/images\/grupo2-150x150.jpg\" width=\"150\" height=\"150\" \/><\/a>\u201cSemillas del Arte\u201d es m\u00e1s que un grupo. Es un pu\u00f1ado de corazones, nacidos de un com\u00fan sue\u00f1o. De un esfuerzo crecido en la tenacidad, espigado en luchas y aplausos, y sin otra pretensi\u00f3n que lanzar al aire su verdad en coplas y cantares, voces y ritmos como labradores con su propia semilla esperanzada. Si el Duero lleva \u201cpalabras de amor\u201d, el Tajo que engalana y flirtea a La Puebla, lleva gritos de ensue\u00f1o inmarcesibles estrofas de ritmo\u00a0 y acrisolado suelo.<\/p>\n<p style=\"text-align: justify;\">Nace \u201cSemillas\u201d, como proyecto, en el invierno de 1971 cristalizando en realidad en 1973, procedente de otro similar, apellidado \u201cVoz de Juventud\u201d, con dedicaci\u00f3n socio-cultural-deportiva. Da vida y nombre de \u201cSemillas\u201d el afamado bailar\u00edn y core\u00f3grafo D. Juan Jos\u00e9 Linares Marti\u00e1\u00f1ez, y toma carta de ciudadan\u00eda una Junta Gestora Local, siendo alcalde D .Benjam\u00edn de Castro Herrero. Comienza su andadura con unas Demostraciones Art\u00edsticas con motivo del D\u00eda del Trabajo, 1 de Mayo, en el Santiago Bernabeu, de Madrid.<\/p>\n<p style=\"text-align: justify;\">En Enero de 1984 legitima oficialmente \u201cSemillas\u201d su existencia y estructuras como Asociaci\u00f3n Cultural\u201d en el Ministerio de Cultura, Delegaci\u00f3n de Toledo.<\/p>\n<p style=\"text-align: justify;\"><a href=\"https:\/\/www.semillasdelarte.com\/wp-content\/images\/grupo3.jpg\"><img loading=\"lazy\" decoding=\"async\" class=\"alignleft size-thumbnail wp-image-103\" title=\"grupo3\" alt=\"\" src=\"https:\/\/www.semillasdelarte.com\/wp-content\/images\/grupo3-150x150.jpg\" width=\"150\" height=\"150\" \/><\/a>Desde su fundaci\u00f3n, \u201cSemillas\u201d se dedica a la investigaci\u00f3n, ense\u00f1anza y difusi\u00f3n\u00a0 en La Puebla, Provincia, Regi\u00f3n y all\u00ed donde es requerida su presencia con su m\u00e1s castizo y aut\u00f3ctono folklore. Fruto de sus pretenciosos al par que tenaces trabajos son los tres vol\u00famenes-casetes. Ellos recogen lo principal del acerbo musical que en investigaciones y operaciones rescate se han podido recuperar a tiempo, mediante la viva voz de ancianos y personas cualificadas de la localidad.<\/p>\n<p>Organizaci\u00f3n:<\/p>\n<ul>\n<ul>\n<li>Grupo de mayores<\/li>\n<li>Grupo juvenil<\/li>\n<li>Grupo infantil<\/li>\n<li>Grupo de rondalla<\/li>\n<li>Escuela de folklore<\/li>\n<\/ul>\n<\/ul>\n<p>Semillas desempe\u00f1a una ingente labor cultural en la poblaci\u00f3n. Imparte ense\u00f1anza de las propias asignaturas de folklore:<\/p>\n<ul>\n<ul>\n<li>Clases de guitarra, la\u00fad, bandurria&#8230;<\/li>\n<li>Clases de danza<\/li>\n<li>Clases de canto<\/li>\n<\/ul>\n<\/ul>\n<p style=\"text-align: justify;\"><a href=\"https:\/\/www.semillasdelarte.com\/wp-content\/images\/grupo6.jpg\"><img loading=\"lazy\" decoding=\"async\" class=\"alignleft size-thumbnail wp-image-104\" title=\"grupo6\" alt=\"\" src=\"https:\/\/www.semillasdelarte.com\/wp-content\/images\/grupo6-150x150.jpg\" width=\"150\" height=\"150\" \/><\/a>\u00a0En esta l\u00ednea de culturizaci\u00f3n son interesantes los logros alcanzados y la expansi\u00f3n mete\u00f3rica de su influjo folkl\u00f3rico. Organiza festivales de exhibici\u00f3n, \u201cAires del Tajo\u201d en su modalidad de adultos e infantil, en las Fiestas Patronales de La Puebla de Montalb\u00e1n. Anima las fiestas de los m\u00e1s diversos lugares toledanos, acude a semanas culturales, citas ben\u00e9ficas. Asiste a cursos de renovaci\u00f3n folkl\u00f3rica, asambleas, concursos regionales y nacionales. Menci\u00f3n especial merece su participaci\u00f3n en cuatro finales (M\u00e1laga, Barcelona, Le\u00f3n, C\u00f3rdoba) del m\u00e1s prestigioso programa musical de TVE \u201cGENTE JOVEN\u201d.<\/p>\n<p style=\"text-align: justify;\">Su periplo art\u00edstico abarca, am\u00e9n de la propia provincia de Toledo, Autonom\u00eda de Castilla La Mancha, a las m\u00e1s diversas provincias de Espa\u00f1a. Y lo que supuso un paso gigantesco y definitivo espaldarazo: las tierras de Europa. Alistados en la magna concentraci\u00f3n folkl\u00f3rica europea, EUROPEADE, \u201cSemillas pis\u00f3 por primera vez tierra extranjera en 1976, en Francia, Annecy, luego de haber saboreado las mieles de dicho colosal certamen, 4000 asistentes, en Espa\u00f1a, Marbella en 1975. Posteriormente, y en 1981, repite \u201cSemillas\u201d actuaci\u00f3n en Suiza, concretamente en Martigny, Gij\u00f3n en 1982,\u00a0 Viena, 1983&#8230;Dinamarca, Francia, Alemania&#8230;. y recientemente en Amberes (B\u00e9lgica), en el 2002.<\/p>\n<p style=\"text-align: justify;\">\u00a0<a href=\"https:\/\/www.semillasdelarte.com\/wp-content\/images\/grupo32.jpg\"><img loading=\"lazy\" decoding=\"async\" class=\"alignleft size-thumbnail wp-image-105\" title=\"grupo32\" alt=\"\" src=\"https:\/\/www.semillasdelarte.com\/wp-content\/images\/grupo32-150x150.jpg\" width=\"150\" height=\"150\" \/><\/a>Los intercambios culturales han constituido una fuente de enriquecimiento y de convivencia, Italia (Serrastretta), Turqu\u00eda (Antalya)&#8230;y la participaci\u00f3n inestimable en las ciudades hermanas de la ciudad de Toledo en las que \u201cSemillas\u201d ha sido embajadora de nuestra cultura: Francia (Agen), Bulgaria (Velico Tarnovo), Alemania (Aquisgran).<br \/>\nSer\u00eda interminable la lista de participaciones a lo largo de una dilatada y fecunda trayectoria realizadas en nuestros m\u00e1s de 35 a\u00f1os de existencia ininterrumpida.<\/p>\n<p style=\"text-align: center;\">\u201cSemillas del Arte\u201d, como un mar lleno de sonoridades, avanza venciendo escollos, triunfando sin avasallar, ganando terreno, como la mar, r\u00edtmicamente constante. \u201cSemillas\u201d pide nuevos surcos para su sementera. Surcos rectos, hondos y profundos, propicios a la inmensidad. lo dice su himno:<\/p>\n<p style=\"text-align: center;\">\u201cEl mundo nos viene chico<br \/>\npara cantar y bailar,<br \/>\n\u201cSemillas del Arte\u201d pide<br \/>\nsurcos en qu\u00e9 sembrar<\/p>\n","protected":false},"excerpt":{"rendered":"<p>\u201cSemillas del arte\u201d nace por un\u00a0 imperativo de la\u00a0 naturaleza, como la palabra, como la rosa, cuando la rama no puede m\u00e1s y por sus brotes llora. Es una exigencia de su ancestral historia, y nace cuando \u2013como dice nuestro &hellip; <a href=\"https:\/\/www.semillasdelarte.com\/?page_id=80\">Sigue leyendo <span class=\"meta-nav\">&rarr;<\/span><\/a><\/p>\n","protected":false},"author":1,"featured_media":0,"parent":0,"menu_order":1,"comment_status":"open","ping_status":"open","template":"","meta":{"footnotes":""},"class_list":["post-80","page","type-page","status-publish","hentry"],"_links":{"self":[{"href":"https:\/\/www.semillasdelarte.com\/index.php?rest_route=\/wp\/v2\/pages\/80"}],"collection":[{"href":"https:\/\/www.semillasdelarte.com\/index.php?rest_route=\/wp\/v2\/pages"}],"about":[{"href":"https:\/\/www.semillasdelarte.com\/index.php?rest_route=\/wp\/v2\/types\/page"}],"author":[{"embeddable":true,"href":"https:\/\/www.semillasdelarte.com\/index.php?rest_route=\/wp\/v2\/users\/1"}],"replies":[{"embeddable":true,"href":"https:\/\/www.semillasdelarte.com\/index.php?rest_route=%2Fwp%2Fv2%2Fcomments&post=80"}],"version-history":[{"count":8,"href":"https:\/\/www.semillasdelarte.com\/index.php?rest_route=\/wp\/v2\/pages\/80\/revisions"}],"predecessor-version":[{"id":335,"href":"https:\/\/www.semillasdelarte.com\/index.php?rest_route=\/wp\/v2\/pages\/80\/revisions\/335"}],"wp:attachment":[{"href":"https:\/\/www.semillasdelarte.com\/index.php?rest_route=%2Fwp%2Fv2%2Fmedia&parent=80"}],"curies":[{"name":"wp","href":"https:\/\/api.w.org\/{rel}","templated":true}]}}

<p style="text-align: justify;"><a href="https://www.semillasdelarte.com/wp-content/images/grupo1.jpg"><img loading="lazy" decoding="async" class="alignleft size-thumbnail wp-image-101" title="grupo1" alt="" src="https://www.semillasdelarte.com/wp-content/images/grupo1-150x150.jpg" width="150" height="150" /></a>“Semillas del arte” nace por un  imperativo de la  naturaleza, como la palabra, como la rosa, cuando la rama no puede más y por sus brotes llora. Es una exigencia de su ancestral historia, y nace cuando –como dice nuestro Ayala- “a dar vida no alcanza nuestro mejor pensamiento”. Puebla de Montalbán, villa anclada en la encrucijada de varias civilizaciones –romana, visigótica, árabe, judía y cristiana – acusa el natural espectro de todas ellas en piedras, calles, monumentos, torres, puentes, conventos, tierras y frutales y, como no, en su “alma”, variopinta y tornasolada, llena de vigor, nobleza, gracejo y picaresca.</p>
<p style="text-align: justify;">“Semillas del Arte” toda su geografía refleja y, sus coplas son una especie de primitiva y original guía de turismo: aires a los cuatro vientos de costumbres, excelencias, logros y fracasos, alegrías y penas. Su filosofía rocosa y de terruño, sensata y picaresca. Hay en sus acentos madrigales y elegías, cantos de embelesamiento. Sus danzas son jarrones vivientes de cerámica, bordada en damasquino, donde los dioses han dejado sus mejores gracias. Sus músicas elevan a soberanía épica sus mil y una estrofas: seguidillas, boleros, fandangos, rondeñas, jotas&#8230;</p>
<p style="text-align: justify;"><a href="https://www.semillasdelarte.com/wp-content/images/grupo2.jpg"><img loading="lazy" decoding="async" class="alignleft size-thumbnail wp-image-102" title="grupo2" alt="" src="https://www.semillasdelarte.com/wp-content/images/grupo2-150x150.jpg" width="150" height="150" /></a>“Semillas del Arte” es más que un grupo. Es un puñado de corazones, nacidos de un común sueño. De un esfuerzo crecido en la tenacidad, espigado en luchas y aplausos, y sin otra pretensión que lanzar al aire su verdad en coplas y cantares, voces y ritmos como labradores con su propia semilla esperanzada. Si el Duero lleva “palabras de amor”, el Tajo que engalana y flirtea a La Puebla, lleva gritos de ensueño inmarcesibles estrofas de ritmo  y acrisolado suelo.</p>
<p style="text-align: justify;">Nace “Semillas”, como proyecto, en el invierno de 1971 cristalizando en realidad en 1973, procedente de otro similar, apellidado “Voz de Juventud”, con dedicación socio-cultural-deportiva. Da vida y nombre de “Semillas” el afamado bailarín y coreógrafo D. Juan José Linares Martiáñez, y toma carta de ciudadanía una Junta Gestora Local, siendo alcalde D .Benjamín de Castro Herrero. Comienza su andadura con unas Demostraciones Artísticas con motivo del Día del Trabajo, 1 de Mayo, en el Santiago Bernabeu, de Madrid.</p>
<p style="text-align: justify;">En Enero de 1984 legitima oficialmente “Semillas” su existencia y estructuras como Asociación Cultural” en el Ministerio de Cultura, Delegación de Toledo.</p>
<p style="text-align: justify;"><a href="https://www.semillasdelarte.com/wp-content/images/grupo3.jpg"><img loading="lazy" decoding="async" class="alignleft size-thumbnail wp-image-103" title="grupo3" alt="" src="https://www.semillasdelarte.com/wp-content/images/grupo3-150x150.jpg" width="150" height="150" /></a>Desde su fundación, “Semillas” se dedica a la investigación, enseñanza y difusión  en La Puebla, Provincia, Región y allí donde es requerida su presencia con su más castizo y autóctono folklore. Fruto de sus pretenciosos al par que tenaces trabajos son los tres volúmenes-casetes. Ellos recogen lo principal del acerbo musical que en investigaciones y operaciones rescate se han podido recuperar a tiempo, mediante la viva voz de ancianos y personas cualificadas de la localidad.</p>
<p>Organización:</p>
<ul>
<ul>
<li>Grupo de mayores</li>
<li>Grupo juvenil</li>
<li>Grupo infantil</li>
<li>Grupo de rondalla</li>
<li>Escuela de folklore</li>
</ul>
</ul>
<p>Semillas desempeña una ingente labor cultural en la población. Imparte enseñanza de las propias asignaturas de folklore:</p>
<ul>
<ul>
<li>Clases de guitarra, laúd, bandurria&#8230;</li>
<li>Clases de danza</li>
<li>Clases de canto</li>
</ul>
</ul>
<p style="text-align: justify;"><a href="https://www.semillasdelarte.com/wp-content/images/grupo6.jpg"><img loading="lazy" decoding="async" class="alignleft size-thumbnail wp-image-104" title="grupo6" alt="" src="https://www.semillasdelarte.com/wp-content/images/grupo6-150x150.jpg" width="150" height="150" /></a> En esta línea de culturización son interesantes los logros alcanzados y la expansión meteórica de su influjo folklórico. Organiza festivales de exhibición, “Aires del Tajo” en su modalidad de adultos e infantil, en las Fiestas Patronales de La Puebla de Montalbán. Anima las fiestas de los más diversos lugares toledanos, acude a semanas culturales, citas benéficas. Asiste a cursos de renovación folklórica, asambleas, concursos regionales y nacionales. Mención especial merece su participación en cuatro finales (Málaga, Barcelona, León, Córdoba) del más prestigioso programa musical de TVE “GENTE JOVEN”.</p>
<p style="text-align: justify;">Su periplo artístico abarca, amén de la propia provincia de Toledo, Autonomía de Castilla La Mancha, a las más diversas provincias de España. Y lo que supuso un paso gigantesco y definitivo espaldarazo: las tierras de Europa. Alistados en la magna concentración folklórica europea, EUROPEADE, “Semillas pisó por primera vez tierra extranjera en 1976, en Francia, Annecy, luego de haber saboreado las mieles de dicho colosal certamen, 4000 asistentes, en España, Marbella en 1975. Posteriormente, y en 1981, repite “Semillas” actuación en Suiza, concretamente en Martigny, Gijón en 1982,  Viena, 1983&#8230;Dinamarca, Francia, Alemania&#8230;. y recientemente en Amberes (Bélgica), en el 2002.</p>
<p style="text-align: justify;"> <a href="https://www.semillasdelarte.com/wp-content/images/grupo32.jpg"><img loading="lazy" decoding="async" class="alignleft size-thumbnail wp-image-105" title="grupo32" alt="" src="https://www.semillasdelarte.com/wp-content/images/grupo32-150x150.jpg" width="150" height="150" /></a>Los intercambios culturales han constituido una fuente de enriquecimiento y de convivencia, Italia (Serrastretta), Turquía (Antalya)&#8230;y la participación inestimable en las ciudades hermanas de la ciudad de Toledo en las que “Semillas” ha sido embajadora de nuestra cultura: Francia (Agen), Bulgaria (Velico Tarnovo), Alemania (Aquisgran).<br />
Sería interminable la lista de participaciones a lo largo de una dilatada y fecunda trayectoria realizadas en nuestros más de 35 años de existencia ininterrumpida.</p>
<p style="text-align: center;">“Semillas del Arte”, como un mar lleno de sonoridades, avanza venciendo escollos, triunfando sin avasallar, ganando terreno, como la mar, rítmicamente constante. “Semillas” pide nuevos surcos para su sementera. Surcos rectos, hondos y profundos, propicios a la inmensidad. lo dice su himno:</p>
<p style="text-align: center;">“El mundo nos viene chico<br />
para cantar y bailar,<br />
“Semillas del Arte” pide<br />
surcos en qué sembrar</p>

<p>“Semillas del arte” nace por un  imperativo de la  naturaleza, como la palabra, como la rosa, cuando la rama no puede más y por sus brotes llora. Es una exigencia de su ancestral historia, y nace cuando –como dice nuestro &hellip; <a href="https://www.semillasdelarte.com/?page_id=80">Sigue leyendo <span class="meta-nav">&rarr;</span></a></p>
